1 - 2108. Is q prime?
False
Let t = -10 + 14. Is (65/2)/(2/t) composite?
True
Let q(j) = 9*j**2 - 6*j - 19. Let g(v) = 2*v**2 - v - 4. Let u(x) = 11*g(x) - 2*q(x). Let i = -11 + 6. Is u(i) a composite number?
False
Suppose -x + 3*x - 8 = 0. Let b(t) = t**2 - 3*t + 2. Is b(x) a prime number?
False
Let g be 244/12 - 4/(-6). Suppose -g = -d + 17. Is ((-2)/1)/((-4)/d) composite?
False
Let f(a) = -51*a + 2. Let y be f(-7). Suppose 0 = j + 63 + y. Is 9/(-6)*j/3 a prime number?
True
Suppose -2*w + 3*j = -w - 139, -4*j - 572 = -4*w. Is w a prime number?
False
Suppose 0 = -2*p - 2*w + 1582, -4*w - 116 = p - 919. Is p a prime number?
True
Let y = -35 - -146. Is y a prime number?
False
Let v = 1245 - 614. Is v prime?
True
Let i = 147 - -30. Is i composite?
True
Suppose 0 = 4*a - 168 - 628. Is a a composite number?
False
Is (2 - (-15)/(-9))*66 composite?
True
Let m = -9 - -6. Let o = m - -4. Is o + 11 - (-2 - -1) a prime number?
True
Let p be (-5)/(-2)*(0 + 2). Suppose 0*n + 9 = 2*m - 3*n, 5*n - 10 = -p*m. Suppose 0 = m*l - 12 + 3. Is l prime?
True
Let o(d) = -d**3 + 4*d**2 + 3*d + 6. Let v be o(5). Let f = v - -33. Suppose m - f = 6. Is m prime?
False
Suppose 3*l = -3*o + 8*o + 907, -3*l = 2*o - 893. Is l a composite number?
True
Suppose 0 = 6*a - a - 1345. Is a composite?
False
Let i = 2448 + -1157. Is i a prime number?
True
Suppose -2*q = -0*q. Suppose q = -3*a + 198 + 183. Is a a prime number?
True
Let v = 6 - -13. Is v a prime number?
True
Let p(j) = -3*j**3 - 5*j**2 + j - 6. Let f = 13 - 18. Is p(f) composite?
False
Let f = -21 - -40. Is f a composite number?
False
Let v = 4 - 4. Let q be 0/1 - (v + -3). Is 1*q*(-354)/(-18) a prime number?
True
Suppose -5*t + 1103 + 372 = 0. Is t prime?
False
Let r(k) be the first derivative of 3*k**3 + 2*k**2 - 4*k - 8. Is r(-5) composite?
True
Suppose 2*h - 5*h = -6. Suppose 0*n + n = h. Suppose 5*c + 3 = -n, -2*g = 5*c - 57. Is g prime?
True
Let x = 4 + 2. Let y be 51 - (-5 + -3 + x). Let g = 76 - y. Is g a composite number?
False
Let n be 3 + -2 + -2 + 4. Suppose 0 = m + 1 - n. Suppose 3*d = -m*i + 38, -d = 2*d. Is i a composite number?
False
Let r = -1 - 1. Let h be r/4 - 545/2. Is h/(-3) - 0/1 prime?
False
Let f(j) be the first derivative of 2*j**3 + 3*j**2/2 + 3*j + 10. Is f(10) a composite number?
True
Is 7/(-14)*(-1040 - 2) a prime number?
True
Let n = 146 + 927. Is n a prime number?
False
Suppose y - 713 = -5*i + 757, -2*y = 4*i - 1182. Is i a composite number?
False
Let k(u) = u**3 + 9*u**2 - 4*u + 1. Is k(-9) composite?
False
Let f be -7 + 3/(6/4). Let l(x) = x**2 + 3*x - 6. Let d be l(f). Suppose -y = -d*y + 159. Is y composite?
False
Let g be -1*(-2 - -3)*-1. Let f = g + -36. Let d = -12 - f. Is d a prime number?
True
Suppose 23 = -5*n - 2, 5*t + 3*n = -10. Let j = -7 - -19. Is (-3)/(t + j/(-10)) composite?
True
Suppose -2*i - 4108 = -6*i. Is i a prime number?
False
Suppose 0 = 3*j + 367 + 179. Let p = 89 - 176. Let q = p - j. Is q a composite number?
True
Is -2*985*(-1)/2 prime?
False
Suppose 0 = -4*w - w + 30. Is 6/(-2) + (w - -202) prime?
False
Suppose 5*l - 12 = 58. Suppose l = w - 12. Let d = w + 105. Is d composite?
False
Suppose -245 - 1 = -2*c. Is c a prime number?
False
Let p(r) = 217*r + 2. Is p(1) a prime number?
False
Let u = -2229 - -5439. Suppose -8*h + 5*y + u = -3*h, -2*y - 1925 = -3*h. Is h composite?
False
Let k = -174 - -346. Suppose -3*d = -k - 50. Is d a prime number?
False
Suppose -72 = -3*c + 7*c. Let f = c - -29. Is f a composite number?
False
Is 3/3 - (-27 - 3) prime?
True
Let t(v) = -19*v**2 + v. Let y be t(1). Let r be (-34)/((16/(-6))/4). Let w = r - y. Is w prime?
False
Suppose 0 = -0*a + 4*a - 12. Suppose -3*k = 2*l - 435, 283 = 2*k - a*l + 2*l. Is k a composite number?
True
Let y = -5 - -8. Suppose 11 + 244 = -y*p. Let f = -32 - p. Is f composite?
False
Let i be 96*(70/8)/7. Suppose 131 = p - i. Is p a composite number?
False
Let d(u) be the third derivative of u**6/120 + 7*u**5/60 + 7*u**4/24 + u**3/3 + 4*u**2. Let c be d(-6). Is ((-2)/4)/(c/296) prime?
True
Let d = 2452 + -1379. Is d prime?
False
Let c = 80 + 1932. Suppose -4*j = -0*j - c. Suppose -3*r - 4*y + 499 = 0, 2*r + j = 5*r + 5*y. Is r prime?
False
Suppose 9*s = 4*s + 10. Suppose s*k + k = 9. Is ((-9)/k - -2)*-19 a composite number?
False
Let p(d) = -d**2 + 8*d - 9. Let o be p(5). Suppose -3*r + 171 = -5*f, -o*r - 2*f + 285 = -r. Is r prime?
False
Suppose -5 = 3*t - 17. Suppose t*b = 2*p + 8*b - 32, -5*p + 38 = -4*b. Is p prime?
False
Let d(z) be the third derivative of z**5/60 + 487*z**3/6 - 4*z**2. Is d(0) a prime number?
True
Suppose -25*o + 29*o = 0. Suppose 0 = r + i - 50, -3*r + 0*i + 4*i + 143 = o. Is r composite?
True
Let m(q) = q**3 - 7*q**2 - 6*q + 35. Is m(12) a composite number?
False
Let f be (7 - 173)/(-2 + 4). Let r = 134 + f. Is r prime?
False
Let s = 1 - 2. Is s/(-1) + (-60)/(-3) prime?
False
Suppose -137 = 4*l - 17. Let o be 0*(-8)/(-56) - (-1 + -6). Let x = o - l. Is x composite?
False
Let b = 395 + 1463. Is b composite?
True
Let w(t) = -408*t + 6. Let r be w(5). Let c(l) = 2*l**2 + 4*l - 6. Let v be c(-5). Is (-1)/(-4) - r/v composite?
True
Let y(k) = -2*k**3 - 5*k**2 - 7*k - 7. Is y(-4) a prime number?
False
Let g(c) = 6*c**2 - 11*c + 13. Is g(-12) composite?
False
Suppose -4*a - 2*t - 3602 = 0, a = -0*t + 3*t - 904. Let g = -564 - a. Is g composite?
False
Suppose -1942 = -13*c + 11*c. Is c a composite number?
False
Let r(k) = k**3 + 30*k**2 + 40*k - 2. Is r(-15) composite?
True
Let o be 73 - (-2 + -1 + 0). Suppose o = -p + 5*p. Is p composite?
False
Let i(u) = -u**3 - 3*u**2 + 6*u - 1. Suppose 0 = -0*d + 2*d + 6. Let f be ((-5)/(-2))/(d/6). Is i(f) prime?
True
Let i = 2164 + -437. Is i prime?
False
Let k(z) = 240*z - 5. Let d(r) = -60*r + 1. Let j(u) = -9*d(u) - 2*k(u). Let p be j(-1). Let a = p + 85. Is a a composite number?
True
Suppose 0 = -5*y + p + 10, -y - 3*p = -22 + 4. Suppose y*i = 2*i. Suppose -2*q + 0*q + 74 = i. Is q composite?
False
Suppose -k + 1495 = -m, m + 7491 = k + 4*k. Is k a prime number?
True
Suppose -j + 4*a = -0*j - 24, 0 = -3*j + a + 28. Suppose -5*y + y = -j. Suppose 0*l = y*l - 116. Is l a prime number?
False
Suppose s + 8292 = 5*s. Suppose 7*f - 3*i = 3*f + 2083, i + s = 4*f. Is f a composite number?
True
Let y(w) = 26*w**2 + 4*w + 9. Is y(-8) a prime number?
False
Let f(o) = o**3 - 4*o + 5. Is f(4) composite?
False
Is (-1 - 3)/4 - -58 composite?
True
Let t(n) = n + 7. Let f be t(-7). Suppose -5*k + 2*o - 83 + 202 = f, 5*k + 2*o = 111. Is k composite?
False
Let t(m) = 1 + 4*m - 4*m**2 - 8*m + 5*m**2. Let r be t(-9). Let s = r + -81. Is s composite?
False
Suppose -25 = 5*c - 3*c + 5*k, 3*k = 4*c - 15. Suppose c*r = r - 85. Is r composite?
True
Suppose 2*m = -4*j + 2072 - 116, -4*j + 1936 = -3*m. Is j a prime number?
True
Suppose -10 = 5*k, -2*r + 7*r - k = 2. Suppose r*j - j = -21. Is j a prime number?
False
Let a(w) be the second derivative of 11*w**5/4 - w**3/6 + w**2/2 + 4*w. Let g be a(1). Suppose 2*f - 233 = -g. Is f a prime number?
True
Is (-2758*1)/((-1)/(-2)*-4) prime?
False
Let f = -3906 + 5879. Is f prime?
True
Let q = -5 + 10. Suppose 3*y - 150 = -3*a, y = q*y + 3*a - 196. Is y composite?
True
Suppose 0 = 5*a + 2*r - 491, -a + 2*r = -2*r - 85. Suppose 3*o + w - a = 159, -w = -1. Suppose 0*p + p - o = 0. Is p composite?
True
Let x = -46 - -27. Is x/(-2)*(1 + 1) a composite number?
False
Is (6/8)/(-3) - (-91796)/16 composite?
False
Let u be (-16 + -2 + 1)/(-1). Suppose -5*s = -212 + u. Is s prime?
False
Is (-14)/(-42)*3/(-2)*-8222 a composite number?
False
Suppose -y = 2*b - 1505, -4*b - 2*y + 5*y + 3035 = 0. Is b composite?
True
Let g(p) = -2*p - 6. Is g(-8) a prime number?
False
Suppose 0*q + 4*q - d = 13, 23 = -q - 5*d. Let p = q + -7. Is 82 - (p - -2 - 0) a prime number?
False
Let d(j) be the first derivative of -2*j**2 - 3. Let u be d(-1). Suppose a = 5*c - 92, -c + 5*a + u = -0*a. Is c a composite number?
False
Is ((-170)/15 - 1)*(-6)/2 a composite number?
False
Suppose 2*h - 6*h + 20 = 0. Let y(l) = l**2 - 2*l - 4. Is y(h) a composite number?
False
Let s(z) = -z + 2 - 2 - 4. Let b be s(-6). Suppose -b*u + 5*v = -155, 2*v + 3*v - 440 = -5*u. Is u a composite number?
True
Let j(a) = 10*a - 2. Let d(z) = -3*z + 1. Let p(r) = 7*d(r) + 2*j(r). Let